es 29 divide 1449?
False
Is 660 a multiple of 66?
True
Is 5 a factor of 268?
False
Is 329 a factor of 133070?
False
Is 5 a factor of 241?
False
Does 30 divide 4290?
True
Is 14059 a multiple of 53?
False
Is 8030 a multiple of 63?
False
Is 42 a factor of 2898?
True
Is 1950 a multiple of 15?
True
Is 10 a factor of 7014?
False
Is 8 a factor of 1080?
True
Is 12464 a multiple of 164?
True
Does 30 divide 240?
True
Is 56 a factor of 2626?
False
Is 8 a factor of 1091?
False
Is 28875 a multiple of 54?
False
Is 36504 a multiple of 15?
False
Is 6 a factor of 179?
False
Is 7837 a multiple of 17?
True
Is 8053 a multiple of 15?
False
Is 11 a factor of 183?
False
Is 116 a factor of 44080?
True
Is 12 a factor of 1632?
True
Does 7 divide 272?
False
Is 3 a factor of 66?
True
Is 1438 a multiple of 25?
False
Is 3229 a multiple of 57?
False
Is 21252 a multiple of 23?
True
Does 35 divide 444?
False
Is 112 a factor of 14000?
True
Is 94 a multiple of 28?
False
Does 27 divide 9288?
True
Does 214 divide 20113?
False
Is 40 a factor of 924?
False
Is 12 a factor of 274?
False
Is 27 a factor of 1620?
True
Is 145 a multiple of 29?
True
Is 11430 a multiple of 45?
True
Is 10 a factor of 7120?
True
Is 55 a factor of 3300?
True
Does 27 divide 1933?
False
Is 38 a factor of 7828?
True
Is 1904 a multiple of 7?
True
Is 3268 a multiple of 4?
True
Does 28 divide 54740?
True
Does 17 divide 831?
False
Is 836 a multiple of 38?
True
Is 32 a factor of 5376?
True
Is 170 a multiple of 29?
False
Does 2 divide 983?
False
Is 2 a factor of 95?
False
Is 31 a factor of 3689?
True
Is 99 a factor of 23672?
False
Does 122 divide 2361?
False
Does 106 divide 654?
False
Does 62 divide 2604?
True
Is 3 a factor of 721?
False
Is 28 a factor of 6272?
True
Is 877 a multiple of 16?
False
Does 7 divide 301?
True
Is 33 a factor of 35242?
False
Does 41 divide 2706?
True
Is 77442 a multiple of 49?
False
Is 567 a multiple of 41?
False
Is 5 a factor of 2735?
True
Is 21 a factor of 294?
True
Is 33 a factor of 4543?
False
Is 4490 a multiple of 87?
False
Is 10 a factor of 61?
False
Does 255 divide 615?
False
Does 49 divide 196?
True
Is 12 a factor of 16356?
True
Is 756 a multiple of 2?
True
Does 23 divide 2848?
False
Is 1880 a multiple of 20?
True
Is 15 a factor of 1188?
False
Is 2821 a multiple of 96?
False
Does 12 divide 2710?
False
Is 51045 a multiple of 84?
False
Does 11 divide 1265?
True
Does 41 divide 765?
False
Is 36 a factor of 919?
False
Does 9 divide 4123?
False
Is 5868 a multiple of 10?
False
Is 7 a factor of 6402?
False
Is 7040 a multiple of 11?
True
Is 793 a multiple of 31?
False
Does 7 divide 3891?
False
Is 1026 a multiple of 19?
True
Does 9 divide 3249?
True
Does 92 divide 3822?
False
Is 12002 a multiple of 33?
False
Is 210 a multiple of 10?
True
Is 2728 a multiple of 22?
True
Is 12 a factor of 44152?
False
Is 1392 a multiple of 24?
True
Does 92 divide 15307?
False
Is 7 a factor of 8022?
True
Is 51 a factor of 7293?
True
Is 11616 a multiple of 88?
True
Is 11 a factor of 10219?
True
Is 127668 a multiple of 12?
True
Is 22848 a multiple of 272?
True
Is 295 a factor of 59590?
True
Is 8075 a multiple of 19?
True
Is 17 a factor of 488?
False
Is 10 a factor of 91?
False
Is 20 a factor of 120?
True
Is 10 a factor of 49890?
True
Does 34 divide 675?
False
Does 65 divide 668?
False
Is 162 a multiple of 2?
True
Is 4321 a multiple of 32?
False
Does 28 divide 5931?
False
Is 13 a factor of 9705?
False
Is 59 a factor of 22134?
False
Does 9 divide 558?
True
Does 141 divide 16215?
True
Is 24287 a multiple of 21?
False
Does 6 divide 780?
True
Does 13 divide 1373?
False
Is 2 a factor of 38?
True
Does 13 divide 484?
False
Is 4440 a multiple of 120?
True
Does 14 divide 88685?
False
Is 3252 a multiple of 12?
True
Is 13502 a multiple of 91?
False
Does 5 divide 3615?
True
Does 21 divide 177?
False
Is 24084 a multiple of 23?
False
Does 8 divide 6140?
False
Is 4 a factor of 604?
True
Does 85 divide 23285?
False
Does 48 divide 29071?
False
Is 3145 a multiple of 85?
True
Is 15 a factor of 13867?
False
Is 50867 a multiple of 145?
False
Is 9 a factor of 160?
False
Is 31 a factor of 62?
True
Is 29 a factor of 2668?
True
Does 142 divide 59498?
True
Is 27 a factor of 17193?
False
Is 1139 a multiple of 17?
True
Does 83 divide 23068?
False
Does 12 divide 108?
True
Is 88892 a multiple of 422?
False
Is 1914 a multiple of 66?
True
Does 10 divide 824?
False
Is 130 a factor of 59670?
True
Is 125 a factor of 42918?
False
Is 30900 a multiple of 100?
True
Does 24 divide 7464?
True
Does 4 divide 60?
True
Is 21 a factor of 29337?
True
Is 75 a factor of 3914?
False
Is 80 a factor of 1592?
False
Is 14472 a multiple of 9?
True
Is 100 a factor of 2082?
False
Is 1955 a multiple of 53?
False
Does 144 divide 8928?
True
Does 15 divide 1961?
False
Is 180 a factor of 4680?
True
Is 3368 a multiple of 35?
False
Is 6050 a multiple of 85?
False
Is 6784 a multiple of 16?
True
Is 8160 a multiple of 8?
True
Is 27 a factor of 5211?
True
Does 14 divide 6801?
False
Does 33 divide 312?
False
Does 192 divide 6871?
False
Is 1386 a multiple of 11?
True
Is 10145 a multiple of 5?
True
Is 22725 a multiple of 169?
False
Is 33 a factor of 693?
True
Is 266 a multiple of 10?
False
Is 48 a factor of 18562?
False
Is 17580 a multiple of 20?
True
Is 31 a factor of 260?
False
Is 14 a factor of 1792?
True
Is 3216 a multiple of 134?
True
Is 84 a factor of 8820?
True
Does 4 divide 17?
False
Is 163 a factor of 5842?
False
Is 40 a factor of 191?
False
Is 13 a factor of 346?
False
Is 8105 a multiple of 154?
False
Does 8 divide 4884?
False
Does 3 divide 137?
False
Is 75 a factor of 10133?
False
Is 11 a factor of 176?
True
Is 23 a factor of 874?
True
Does 27 divide 6823?
False
Does 43 divide 54188?
False
Is 3 a factor of 774?
True
Is 13 a factor of 1755?
True
Does 85 divide 6459?
False
Is 11625 a multiple of 31?
True
Is 13 a factor of 39?
True
Is 5460 a multiple of 140?
True
Does 73 divide 6005?
False
Is 7 a factor of 2692?
False
Is 2400 a multiple of 75?
True
Is 175 a multiple of 12?
False
Is 6731 a multiple of 7?
False
Is 6468 a multiple of 77?
True
Does 111 divide 74592?
True
Is 496 a multiple of 31?
True
Is 456 a multiple of 12?
True
Is 256 a multiple of 32?
True
Is 4 a factor of 436?
True
Does 3 divide 4650?
True
Is 59 a factor of 30090?
True
Is 11 a factor of 1955?
False
Does 177 divide 48144?
True
Is 15 a factor of 5374?
False
Does 27 divide 6574?
False
Is 15493 a multiple of 24?
False
Does 8 divide 344?
True
Is 38 a factor of 988?
True
Is 5038 a multiple of 13?
False
Is 14 a factor of 33180?
True
Is 31 a factor of 775?
True
Does 21 divide 1902?
False
Is 91 a factor of 1641?
False
Is 46600 a multiple of 32?
False
Is 34 a factor of 340?
True
Is 173 a factor of 9030?
False
Is 3 a factor of 59?
False
Is 36 a factor of 720?
True
Is 7 a factor of 2411?
False
Is 5 a factor of 1038?
False
Is 8280 a multiple of 18?
True
Does 5 divide 3457?
False
Is 32560 a multiple of 22?
True
Is 40 a factor of 2388?
False
Is 9 a factor of 1941?
False
Is 8167 a multiple of 95?
False
Is 72 a factor of 792?
True
Does 13 divide 481?
True
Does 31 divide 155?
True
Is 5044 a multiple of 77?
False
Is 88 a factor of 722?
False
Does 22 divide 3685?
False
Is 695 a multiple of 20?
False
Is 434 a multiple of 9?
False
Is 112 a multiple of 7?
True
Does 33 divide 37963?
False
Is 1400 a multiple of 56?
True
Is 126 a factor of 1235?
False
Is 5397 a multiple of 7?
True
Does 9 divide 36?
True
Is 1620 a multiple of 81?
True
Is 14 a factor of 854?
True
Is 84 a factor of 5745?
False
Does 117 divide 13689?
True
Does 12 divide 372?
True
Is 530 a multiple of 5?
True
Does 133 divide 4655?
True
Is 305 a factor of 15723?
False
Does 111 divide 31746?
True
Is 18 a factor of 81?
False
Is 151 a factor of 13940?
False
Is 12 a factor of 1738?
False
Is 43952 a multiple of 134?
True
Is 3282 a multiple of 6?
True
Does 131 divide 524?
True
Is 956 a multiple of 5?
False
Is 109 a factor of 23752?
False
Does 7 divide 3327?
False
Is 33 a factor of 13571?
False
Is 14 a factor of 26516?
True
Does 24 divide 1056?
True
Is 15 a factor of 290?
False
Is 7818 a multiple of 50?
False
Is 24 a factor of 1416?
True
Does 95 divide 3610?
True
Is 21 a factor of 3003?
True
Is 115 a factor of 138805?
True
Does 46 divide 867?
False
Does 10 divide 3384?
False
Is 4